 0 = 2*p - 0 - 4. Let k = w + p. Let a(x) = 4*x. What is a(k)?
4
Suppose -5*w - 7*k + 40 = -2*k, -12 = -2*w - k. Let g(i) = -7*i - w - 4 + 4 - i**2. Determine g(-4).
8
Let y(q) be the second derivative of q**5/20 + 2*q**4/3 + 4*q**3/3 - 3*q**2/2 + q. Give y(-7).
-10
Let l be 4 - -2*3/2. Let n = 11 - l. Let o(s) be the third derivative of s**4/24 - s**3/3 + s**2. What is o(n)?
2
Let t(u) be the second derivative of -u**5/20 - u**4/3 - u**3 - u**2 + 6*u. What is t(-4)?
22
Let m(t) = 0*t**3 + 0 + t**3 + 2 - 4*t**2. Let j be m(4). Let r(g) = -g**2 + 4*g**j - 7*g**2. Give r(-1).
-4
Let n(l) = -2*l**2 + 23*l + 15. Let b be n(12). Let m(r) be the first derivative of 2*r**2 - 5*r + 1 - 1/3*r**b. Determine m(4).
-5
Let g(j) be the second derivative of -j**5/20 + j**4/4 + 2*j**3/3 - 3*j**2 - 26*j. Let t be 1*(0 - -1)/(-1). Let q be -2 - (-5 + 0 + t). What is g(q)?
-6
Let p(l) = -l**2 - l. Let d(s) = 3*s**2 + 5*s + 1. Let y(o) = -d(o) - 4*p(o). What is y(0)?
-1
Let f(n) = -n**2 + n + 2. Let u = 2 + 2. Determine f(u).
-10
Let w(p) = -3*p**2 - p + 2. Let v(l) = l**3 + 5*l**2 + 2*l - 6. Let x be v(-4). Calculate w(x).
-12
Let o(y) = -5*y**2 - 4*y + 5. Let x(s) = -s**2 - s + 1. Let q(v) = -o(v) + 6*x(v). Suppose -11 = 4*h + 5*n, 2*n = -h - 2*n. What is q(h)?
-7
Let p(r) = -r**3 - 7*r**2 + 4*r + 5. Let n(f) = -f**3 - 7*f**2 + 5*f + 4. Let w(d) = 4*n(d) - 3*p(d). Calculate w(-8).
1
Let k(b) = 6*b**3 + b**2 - b - 1. Let a = -21 + 13. Let w be 2/6 - a/(-6). Give k(w).
-5
Let d(f) be the third derivative of -5*f**4/24 - f**3/2 + f**2. Let v(g) = -7*g. Let c be v(-1). Let n = 5 - c. Determine d(n).
7
Suppose 6*r = 3*b + 2*r + 29, -2*b + 5*r - 24 = 0. Let y(v) = -v - 2. Calculate y(b).
5
Let l(v) = v**3 - 4*v**2 - 5*v - 3. Let j be 44/(-5)*(-5)/2. Let h = j + -7. Suppose 2*p - 5*p + h = 0. Give l(p).
-3
Let u(h) be the second derivative of -h**3/6 - 6*h**2 + h. Suppose 0 = -0*f - 4*f. Suppose f = 5*p - 6 + 31. Determine u(p).
-7
Let g(p) = 2*p + 2. Suppose 120 = t + 4*t - 2*w, -w = 5. Suppose -3*u = -7 + t. Calculate g(u).
-8
Let g(p) = p**3 + 2*p**2 - 4*p - 4. Let h be (-16)/(-3) + (-1)/3. Suppose -2*k + 5*x + 34 = 2*k, -h*k + 36 = -3*x. Let j(i) = -i + 3. Let c be j(k). Give g(c).
-1
Let y(c) = -c + 4. Let b(t) = -t**3 - 5*t**2 + 4*t + 15. Let u be b(-5). Calculate y(u).
9
Suppose -5 = -c, 0*t = 4*t + 4*c - 40. Let v be 20/t - (2 + -1). Suppose 0*i + 12 = -v*i. Let p(f) = f**3 + 6*f**2 + 7*f + 5. What is p(i)?
9
Let l(m) = -2*m. Let q be 2 + 72/(-33) - (-65)/55. Give l(q).
-2
Let l(d) be the first derivative of -3 + 1/2*d**2 + 4/3*d**3 + 0*d + 1/4*d**4. Suppose 5*t + 8 + 7 = 0. Give l(t).
6
Let p = 3 + 2. Let z(v) be the third derivative of v**4/24 - 2*v**3/3 + 3*v**2. Let x(m) = m - 5. Let l(a) = p*z(a) - 4*x(a). Give l(-4).
-4
Suppose -2*l + 10 - 4 = 0. Let n(r) = 3*r**3 - 4*r**l + 0*r**2 + 5*r**2 - 4*r**2. Let x(u) = -u + 2. Let m be x(2). Determine n(m).
0
Let x = 10 - 6. Let c(a) = -a - 5. Let q be c(-7). Let v(g) = 3*g + g**3 - 4 + q*g - 5*g**2 + 0. Give v(x).
0
Suppose 14 = -5*q + 4*f, 4*f + 4 = -4*q - 0*f. Suppose 34 = 4*h - 3*v, v + 13 = h - 2*v. Let w(p) = 2*p - 2 + p - h*p. What is w(q)?
6
Let v(w) = -7*w**3 - 1. Let q be 1*-1 + 35/7. Suppose -3*x + n + 2 = 0, 4*x - 2 = 2*n + q. Let r = -2 - x. Give v(r).
6
Let o(y) = -y**2 + 11*y - 2. Let f be (-5 + 15)*1*(-2)/(-2). Determine o(f).
8
Let o = -24 + 2. Let k = -18 - o. Let u(b) = b**3 - 5*b**2 + 3*b - 6. Give u(k).
-10
Let p = -12 + 17. Let f(y) = y. Let s(v) = 7*v + 7. Let z(o) = p*f(o) - s(o). Suppose -4 - 16 = 4*b. Calculate z(b).
3
Suppose -5*l + 6*z = z - 130, 0 = -3*l + 2*z + 81. Suppose 6*c - c + 22 = -x, -4*c - l = -3*x. Let j(d) = 2 - 4 + x*d - 1. What is j(2)?
3
Suppose 2*x - 12 = -10. Let g(y) = y**3 - y**2 - y + 1. Let w(i) = -i**3 + 3*i**2 + 4*i - 4. Let n(z) = -3*g(z) - w(z). Determine n(x).
-2
Let v(u) = 10*u**2 + 16*u - 6. Let d be (42/4)/3*2. Let q(o) = 3*o**2 + 5*o - 2. Let s(r) = d*q(r) - 2*v(r). Suppose n = 6*n + 25. Calculate s(n).
8
Let k(b) be the third derivative of b**6/120 - b**5/10 + 7*b**4/24 - b**3/6 + b**2. What is k(5)?
9
Let j = 1 - 6. Let u(q) = -q - 15. Let g(k) = -2. Let p(o) = -6*g(o) + u(o). Calculate p(j).
2
Suppose -2*z = -0*z - 12. Let t(k) = k**2 - 8*k + 1. Determine t(z).
-11
Let r(y) = 0 - 2*y - 4 + 0*y. Let d = -8 - -9. Let n be d*(-12)/(1 - 4). Calculate r(n).
-12
Let d(m) = -m**3 + m. Let o be d(-2). Let f(u) = 13*u - 7*u - 5*u - 13. Determine f(o).
-7
Let r(n) be the third derivative of 0*n - 1/3*n**3 - 2*n**2 + 1/60*n**5 - 1/8*n**4 + 0. Let y(u) = -2*u - 6. Let d be y(-5). Give r(d).
2
Let q(r) be the third derivative of -4*r**2 + 0*r - 1/6*r**3 + 0. Let a(f) = f**2 + 4*f - 1. Let o(m) = -a(m) - 4*q(m). What is o(-5)?
0
Let n = 14 - 7. Let r(y) = -3*y + 7. Let i be r(n). Let g = i + 10. Let h(t) = t - 1. What is h(g)?
-5
Let i(x) = -x**2 + x + 4. Let k(r) = r**2 - 4. Let q(g) = 5*i(g) + 6*k(g). What is q(-3)?
-10
Let h = -24 - -35. Let z = 16 - h. Let b(o) = -o**2 + 5*o + 7. Calculate b(z).
7
Let h(m) = -m**2 - 4*m - 6. Let k(u) = 2*u**2 + 4*u + 5. Let q(x) = -3*h(x) - 4*k(x). Give q(-2).
-14
Let r(b) = -b**3 - b**2. Let k(y) = -2*y**3 + 2*y**2 + y + 1. Let t be k(2). Let w = -10 + 3. Let m = w - t. Give r(m).
4
Let x(q) = -q**3 - 4*q**2 - 3*q - 2. Suppose 0*a + 3*r = a + 15, -3*a + 11 = 5*r. Calculate x(a).
-2
Suppose 0 = -6*p + 2*p + 20. Let m(a) = -a + 7. Calculate m(p).
2
Let n(f) = -3 + 4*f + 4 + 6 - 5*f. Determine n(8).
-1
Let l(s) = -s**2 + 7*s - 4. Suppose -2*o + 3*q + 6 = -1, -5*o - 5*q = -30. Give l(o).
6
Suppose -5*a = 43 - 3. Let r(j) = j**2 + 5*j - 4. Calculate r(a).
20
Suppose 20 = -5*q - 5*j, 4*j - 2 + 18 = 0. Suppose q = 4*n + 8 + 8. Let v(p) = -p**2 - 7*p - 1. Give v(n).
11
Let i(r) = -r**3 - r**2 + 4*r + 2. Let w = -1 + 9. Suppose -w*y = -5*y + 9. Calculate i(y).
8
Let i(a) = 4*a**3 - 3*a**2 - 2*a + 3. Let r(y) = -y**3 + y**2 + y. Let w(g) = i(g) + 3*r(g). What is w(0)?
3
Let f(v) be the second derivative of v**6/120 + v**5/15 - v**4/24 - 2*v**3/3 + v**2 + 3*v. Let m(r) be the first derivative of f(r). Calculate m(-3).
8
Let y(j) = -j**2 + 1. Suppose 1 = -3*n - 5. Determine y(n).
-3
Let p(a) = -5*a - 2*a + 4*a - 3. Give p(3).
-12
Let p be 24/4 - (2 - -1). Let s(x) = x**2 + 3*x - 6 - x - 3*x - p*x. Give s(6).
6
Let u(g) = g**3 - 4*g**2 + 3*g + 3. Let l be u(3). Let z(p) = -2*p**3 + 15 - 2*p**3 + 5*p**3 - p**2 - l*p + 2*p. Calculate z(0).
15
Suppose 1 + 14 = 5*h. Let r(k) = k**3 - 4*k**2 + 3*k + 1. Determine r(h).
1
Suppose -2*u - 5*c + 16 = 0, -c + 0*c + 2 = 0. Let m(j) = -3*j - 6. Let b(z) be the first derivative of -z**2/2 + 2. Let n(q) = -4*b(q) + m(q). What is n(u)?
-3
Let s(n) be the third derivative of -n**7/840 - n**6/90 + n**5/40 + 2*n**3/3 + 4*n**2. Let o(u) be the first derivative of s(u). Determine o(-5).
10
Let g(v) = -3*v + 5*v + 3 - 5*v. Let j(p) = p**2 - p - 3. Let w be j(3). Determine g(w).
-6
Let w(d) be the first derivative of -d**2/2 - 9*d - 23. Determine w(-10).
1
Let h(j) = -j**2 + 4*j + 5. Let p = 27 - 21. Calculate h(p).
-7
Let r = -1 + 6. Suppose 3*z + r*b = 20 + 12, 2*z = -4*b + 24. Let d(c) = c**2 - 5*c + 2. Let f(q) = -q**2 + 5*q - 2. Let g(p) = -5*d(p) - 4*f(p). What is g(z)?
2
Let z(c) be the first derivative of c**2/2 - 6*c + 62. Calculate z(0).
-6
Let p(c) be the third derivative of 0*c + 0 - 2*c**2 + 2/3*c**3 - 1/12*c**4 + 1/120*c**6 + 1/20*c**5. What is p(-3)?
10
Suppose -4*i = -2*i - 12. Let s(v) = 4*v + 0*v + 3*v - i*v + v**3 - 1. What is s(0)?
-1
Let q(o) be the second derivative of -o**4/12 + 3*o**3/2 - 3*o**2 + 3*o. Let r = -10 + 16. Give q(r).
12
Let b be (0 - -1)/(-3 + 2). Let u(h) = -h**3 + h**2 - 1. Give u(b).
1
Suppose 0 = 4*a - 5*k - 14, 2*k - 3 = 1. Let u(g) = -g**3 + 5*g**2 + 8*g + 3. Determine u(a).
15
Let x(m) be the first derivative of -2 + 2 - m**2 + 4. Calculate x(-4).
8
Let x = -8 + 5. Let t(f) = -79 - 4*f**3 + 75 + 3*f**2 + 0*f**3 + 5*f**3. Calculate t(x).
-4
Suppose 8 = 6*w - 28. Let a(u) = -u**2 + 3 + 5*u - 1 + 0. What is a(w)?
-4
Let z = 15 + -58. Let u be 4/(-18) + z/9. Let r = 0 + u. Let y(b) = b + 7. What is y(r)?
2
Let n(x) be the second derivative of x**3/6 - 11*x**2/2 + x. Calculate n(0).
-11
Let a(t) be the first derivative of t**4/4 + 4*t**3/3 - 4*t**2 - 5*t + 2. Give a(-